-- ===================================
-- SPORTSCHOOL DATABASE - DATA VULLEN
-- ===================================
-- Dit bestand vult de database met realistische testdata
-- Alle tabellen krijgen minimaal 20 records
-- ===================================

-- ===================================
-- TABEL 1: Instructeur (20+ records)
-- ===================================
INSERT INTO Instructeur (instructeurcode, instructeurnaam) VALUES
('INST001', 'Mike van der Berg'),
('INST002', 'Lisa Janssen'),
('INST003', 'Thomas de Vries'),
('INST004', 'Emma Bakker'),
('INST005', 'Daan Vermeulen'),
('INST006', 'Sophie Peters'),
('INST007', 'Lars Hendriks'),
('INST008', 'Anna de Jong'),
('INST009', 'Rick Mulder'),
('INST010', 'Sarah Visser'),
('INST011', 'Kevin Smit'),
('INST012', 'Nina van Dijk'),
('INST013', 'Ruben Jansen'),
('INST014', 'Jessica Boer'),
('INST015', 'Tim van Leeuwen'),
('INST016', 'Marieke Dekker'),
('INST017', 'Dennis Meijer'),
('INST018', 'Laura Dijkstra'),
('INST019', 'Frank Willems'),
('INST020', 'Kim de Groot'),
('INST021', 'Jeroen Bos'),
('INST022', 'Melissa Koning');

-- ===================================
-- TABEL 2: Les (20+ records)
-- ===================================
INSERT INTO Les (lesnaam, dag, tijd, instructeurcode) VALUES
('Spinning Advanced', 'Maandag', '18:00:00', 'INST001'),
('Yoga Beginners', 'Maandag', '19:00:00', 'INST002'),
('CrossFit', 'Maandag', '20:00:00', 'INST003'),
('Pilates', 'Dinsdag', '08:00:00', 'INST004'),
('Zumba', 'Dinsdag', '19:00:00', 'INST005'),
('BodyPump', 'Dinsdag', '20:00:00', 'INST006'),
('Spinning Beginners', 'Woensdag', '07:00:00', 'INST001'),
('Yoga Advanced', 'Woensdag', '18:30:00', 'INST002'),
('HIIT Training', 'Woensdag', '19:30:00', 'INST007'),
('Boxing', 'Donderdag', '18:00:00', 'INST008'),
('Kickboxing', 'Donderdag', '19:00:00', 'INST009'),
('Bootcamp', 'Donderdag', '20:00:00', 'INST010'),
('Yoga Flow', 'Vrijdag', '17:00:00', 'INST002'),
('Spinning Interval', 'Vrijdag', '18:00:00', 'INST001'),
('Core Training', 'Vrijdag', '19:00:00', 'INST011'),
('Stretching', 'Zaterdag', '10:00:00', 'INST012'),
('BodyBalance', 'Zaterdag', '11:00:00', 'INST013'),
('Aqua Aerobics', 'Zaterdag', '12:00:00', 'INST014'),
('TRX Training', 'Zaterdag', '13:00:00', 'INST015'),
('Dance Workout', 'Zondag', '10:00:00', 'INST016'),
('Yoga Restore', 'Zondag', '11:00:00', 'INST002'),
('Spinning Power', 'Zondag', '14:00:00', 'INST001'),
('Functional Training', 'Maandag', '17:00:00', 'INST017'),
('Barre Workout', 'Dinsdag', '18:00:00', 'INST018'),
('Circuit Training', 'Woensdag', '20:00:00', 'INST019');

-- ===================================
-- TABEL 3: Lid (30 records voor meer variatie)
-- ===================================
INSERT INTO Lid (naam, abonnementstype, vervaldatum) VALUES
('Jan Petersen', 'Premium', '2026-12-31'),
('Maria van Damme', 'Basis', '2026-06-30'),
('Peter de Koning', 'Premium', '2026-08-15'),
('Sandra Vermeer', 'Student', '2026-05-31'),
('Robert Jansen', 'Premium', '2027-01-31'),
('Linda Bakker', 'Basis', '2026-03-31'),
('Marco van Hout', 'Premium', '2026-11-30'),
('Ingrid Willems', 'Basis', '2026-07-15'),
('Henk de Bruijn', 'Premium', '2026-09-30'),
('Petra Smeets', 'Student', '2026-04-30'),
('Joost Verhoeven', 'Premium', '2027-02-28'),
('Annemarie Kuipers', 'Basis', '2026-08-31'),
('Bas van der Meer', 'Premium', '2026-10-31'),
('Charlotte Visser', 'Student', '2026-06-15'),
('Erik Mulder', 'Basis', '2026-05-15'),
('Femke de Wit', 'Premium', '2027-03-31'),
('Gerrit Scholten', 'Basis', '2026-09-15'),
('Helen van Beek', 'Premium', '2026-12-15'),
('Ivo Driessen', 'Student', '2026-07-31'),
('Julia Martens', 'Premium', '2027-01-15'),
('Kevin Dekkers', 'Basis', '2026-04-15'),
('Lotte van Dalen', 'Premium', '2026-11-15'),
('Martijn Brouwer', 'Student', '2026-08-01'),
('Nicole van Dijk', 'Premium', '2026-10-15'),
('Oscar Peters', 'Basis', '2026-06-01'),
('Patricia de Vries', 'Premium', '2027-02-15'),
('Quinten Hoekstra', 'Student', '2026-05-01'),
('Rebecca Timmermans', 'Premium', '2026-12-01'),
('Stefan van Os', 'Basis', '2026-07-01'),
('Tessa Lindeman', 'Premium', '2027-03-15');

-- ===================================
-- TABEL 4: Apparaat (25 records)
-- ===================================
INSERT INTO Apparaat (apparaatnaam, apparaattype, aanschafdatum) VALUES
('Loopband 1', 'Cardio', '2023-01-15'),
('Loopband 2', 'Cardio', '2023-01-15'),
('Loopband 3', 'Cardio', '2024-03-20'),
('Crosstrainer 1', 'Cardio', '2023-02-10'),
('Crosstrainer 2', 'Cardio', '2023-02-10'),
('Roeitrainer 1', 'Cardio', '2023-05-12'),
('Roeitrainer 2', 'Cardio', '2024-01-08'),
('Spinningfiets 1', 'Cardio', '2022-11-20'),
('Spinningfiets 2', 'Cardio', '2022-11-20'),
('Spinningfiets 3', 'Cardio', '2023-06-15'),
('Bench Press Station', 'Kracht', '2023-03-10'),
('Squat Rack 1', 'Kracht', '2023-03-10'),
('Squat Rack 2', 'Kracht', '2024-02-05'),
('Cable Machine 1', 'Kracht', '2023-04-18'),
('Cable Machine 2', 'Kracht', '2023-04-18'),
('Leg Press Machine', 'Kracht', '2023-07-22'),
('Lat Pulldown Machine', 'Kracht', '2023-08-30'),
('Shoulder Press Machine', 'Kracht', '2024-01-12'),
('Smith Machine', 'Kracht', '2023-09-15'),
('Dumbbell Set 1-30kg', 'Vrije gewichten', '2023-01-05'),
('Kettlebell Set 8-32kg', 'Vrije gewichten', '2023-02-14'),
('Barbell Set', 'Vrije gewichten', '2023-01-05'),
('Medicine Ball Set', 'Functioneel', '2023-05-20'),
('TRX Suspension Trainer', 'Functioneel', '2023-06-25'),
('Battle Ropes', 'Functioneel', '2024-03-10');

-- ===================================
-- TABEL 5: Oefening (30 records)
-- ===================================
INSERT INTO Oefening (oefeningnaam, beschrijving) VALUES
('Bankdrukken', 'Lig op een bank en duw de barbell omhoog vanuit de borst'),
('Squats', 'Sta rechtop en buig door de knieën tot 90 graden'),
('Deadlift', 'Til de barbell van de grond tot heupniveau met rechte rug'),
('Shoulder Press', 'Duw gewichten boven het hoofd vanuit schouderhoogte'),
('Bicep Curls', 'Buig de ellebogen en til dumbbells naar de schouders'),
('Tricep Extensions', 'Strek de armen uit boven het hoofd'),
('Lat Pulldown', 'Trek de bar naar beneden richting de borst'),
('Leg Press', 'Duw het platform weg met je voeten'),
('Lunges', 'Stap naar voren en buig beide knieën tot 90 graden'),
('Pull-ups', 'Trek jezelf op aan een stang tot kin boven de stang'),
('Push-ups', 'Lig op je buik en duw jezelf omhoog met je armen'),
('Plank', 'Houd je lichaam recht in een onderarmsteun positie'),
('Mountain Climbers', 'Wissel snel van been in een plank positie'),
('Burpees', 'Combinatie van squat, plank en sprong'),
('Box Jumps', 'Spring op een verhoging en weer naar beneden'),
('Russian Twists', 'Draai van links naar rechts met gewicht'),
('Leg Raises', 'Til je benen op terwijl je op je rug ligt'),
('Crunches', 'Buikspieroefening door romp op te tillen'),
('Dumbbell Row', 'Trek dumbbell naar je zij terwijl je voorover buigt'),
('Cable Flyes', 'Breng kabels samen voor je borst'),
('Face Pulls', 'Trek de kabel naar je gezicht toe'),
('Farmers Walk', 'Loop met zware gewichten in beide handen'),
('Kettlebell Swings', 'Zwaai kettlebell tussen je benen door en omhoog'),
('Goblet Squats', 'Squat met kettlebell voor je borst'),
('TRX Rows', 'Trek jezelf omhoog aan TRX banden'),
('Battle Rope Waves', 'Maak golven met dikke touwen'),
('Medicine Ball Slams', 'Gooi medicine ball krachtig op de grond'),
('Side Plank', 'Houd je lichaam recht op één onderarm'),
('Bicycle Crunches', 'Wissel knie naar elleboog in liggende positie'),
('Romanian Deadlift', 'Deadlift variant met focus op hamstrings');

-- ===================================
-- TABEL 6: Trainingsschema (25 records)
-- ===================================
INSERT INTO Trainingsschema (schemanaam, startdatum, trainingsdoel, lidnummer) VALUES
('Kracht Opbouw Basis', '2024-01-15', 'Algemene krachtopbouw voor beginners', 1),
('Cardio Intensief', '2024-02-01', 'Verbeteren van cardiovasculair uithoudingsvermogen', 2),
('Spieropbouw Advanced', '2024-01-20', 'Maximale spieromvang en kracht', 3),
('Vetverbranding Schema', '2024-02-10', 'Lichaamsvet verminderen en conditie verbeteren', 4),
('Full Body Beginner', '2024-01-10', 'Kennismaking met krachttraining', 5),
('Upper Body Focus', '2024-02-15', 'Focus op bovenlichaam en core', 6),
('Lower Body Specialisatie', '2024-01-25', 'Versterken van benen en bilspieren', 7),
('Powerlifting Prep', '2024-02-20', 'Voorbereiding op powerlifting competitie', 8),
('Functionele Kracht', '2024-01-18', 'Praktische kracht voor dagelijks leven', 9),
('HIIT Programma', '2024-02-05', 'High Intensity Interval Training', 10),
('Revalidatie Schema', '2024-01-12', 'Herstel na blessure met lichte belasting', 11),
('Bodybuilding Split', '2024-02-12', 'Gesplitst schema voor bodybuilding', 12),
('CrossFit Basis', '2024-01-22', 'Introductie tot CrossFit training', 13),
('Atletiek Conditioning', '2024-02-08', 'Verbeteren van atletische prestaties', 14),
('Beach Body Schema', '2024-01-30', 'Esthetisch lichaam voor zomer', 15),
('Kracht voor Ouderen', '2024-02-18', 'Veilig krachtprogramma 50+', 16),
('Marathon Voorbereiding', '2024-01-08', 'Kracht en stabiliteit voor hardlopers', 17),
('Zwangerschap Fit', '2024-02-22', 'Veilig trainen tijdens zwangerschap', 18),
('Posture Correctie', '2024-01-28', 'Verbeteren van houding en core stabiliteit', 19),
('Explosieve Kracht', '2024-02-14', 'Snelkracht en explosiviteit', 20),
('Yoga Complement', '2024-01-16', 'Krachttraining als aanvulling op yoga', 21),
('Back to Basics', '2024-02-25', 'Terug naar de basis na langere pauze', 22),
('Student Schema', '2024-01-14', 'Efficiënt schema voor drukke studenten', 23),
('Home Workout Plus', '2024-02-06', 'Combinatie gym en thuistraining', 24),
('Competition Prep', '2024-01-26', 'Voorbereiding op fitness competitie', 25);

-- ===================================
-- TABEL 7: Schema_oefening (60+ records)
-- ===================================
-- Schema 1: Kracht Opbouw Basis (Lid 1)
INSERT INTO Schema_oefening (schemaID, oefeningID, volgnummer, apparaatID, sets, herhalingen, oefening_doel) VALUES
(1, 2, 1, 12, 3, 12, 'Basis beenkracht ontwikkelen'),
(1, 1, 2, 11, 3, 10, 'Borst en triceps versterken'),
(1, 8, 3, 16, 3, 12, 'Beenkracht opbouwen'),
(1, 7, 4, 17, 3, 10, 'Rugkracht ontwikkelen'),
(1, 4, 5, 18, 3, 10, 'Schouders versterken'),

-- Schema 2: Cardio Intensief (Lid 2)
(2, 11, 1, NULL, 3, 20, 'Borst en armen warming-up'),
(2, 14, 2, NULL, 4, 10, 'Volle lichaam cardio'),
(2, 13, 3, NULL, 4, 30, 'Core en cardio combinatie'),
(2, 15, 4, NULL, 3, 15, 'Explosieve beenkracht'),

-- Schema 3: Spieropbouw Advanced (Lid 3)
(3, 1, 1, 11, 4, 8, 'Maximale borstspiermassa'),
(3, 3, 2, 22, 4, 6, 'Totale lichaamskracht'),
(3, 4, 3, 18, 4, 8, 'Schoudermassa opbouwen'),
(3, 19, 4, 20, 4, 10, 'Rug dikte ontwikkelen'),
(3, 5, 5, 20, 3, 12, 'Biceps volume'),

-- Schema 4: Vetverbranding (Lid 4)
(4, 14, 1, NULL, 5, 12, 'Maximale calorie verbranding'),
(4, 13, 2, NULL, 4, 40, 'Core en cardio'),
(4, 15, 3, NULL, 4, 20, 'Beenspieren en cardio'),
(4, 11, 4, NULL, 4, 25, 'Upper body endurance'),

-- Schema 5: Full Body Beginner (Lid 5)
(5, 2, 1, 12, 3, 15, 'Basis beenwerk'),
(5, 11, 2, NULL, 3, 12, 'Borst en triceps basis'),
(5, 7, 3, 17, 3, 12, 'Rugspieren kennismaking'),
(5, 4, 4, 18, 3, 12, 'Schouder ontwikkeling'),
(5, 12, 5, NULL, 3, 30, 'Core stabiliteit'),

-- Schema 6: Upper Body Focus (Lid 6)
(6, 1, 1, 11, 4, 10, 'Borst ontwikkeling'),
(6, 7, 2, 17, 4, 10, 'Rug breedte'),
(6, 4, 3, 18, 3, 12, 'Schouder omvang'),
(6, 5, 4, 20, 3, 12, 'Biceps vorm'),
(6, 6, 5, 14, 3, 12, 'Triceps definitie'),
(6, 21, 6, 14, 3, 15, 'Achterste schouder'),

-- Schema 7: Lower Body (Lid 7)
(7, 2, 1, 13, 4, 8, 'Maximale beenkracht'),
(7, 8, 2, 16, 4, 12, 'Quadriceps massa'),
(7, 3, 3, 22, 3, 8, 'Hamstring en bil kracht'),
(7, 9, 4, NULL, 3, 12, 'Unilaterale beenwerk'),
(7, 30, 5, 22, 3, 12, 'Hamstring isolatie'),

-- Schema 8: Powerlifting (Lid 8)
(8, 2, 1, 12, 5, 5, 'Maximale squat kracht'),
(8, 1, 2, 11, 5, 5, 'Maximale bench kracht'),
(8, 3, 3, 22, 5, 5, 'Maximale deadlift kracht'),

-- Schema 9: Functionele Kracht (Lid 9)
(9, 22, 1, 20, 3, 30, 'Grip kracht'),
(9, 23, 2, 21, 3, 15, 'Explosieve heup extensie'),
(9, 24, 3, 21, 3, 12, 'Totale lichaam squat'),
(9, 25, 4, 24, 3, 12, 'Pull beweging'),
(9, 26, 5, 25, 3, 30, 'Grip en cardio'),

-- Schema 10: HIIT (Lid 10)
(10, 14, 1, NULL, 6, 10, 'Full body explosive'),
(10, 15, 2, NULL, 5, 15, 'Plyometrische kracht'),
(10, 13, 3, NULL, 5, 30, 'Core en cardio'),
(10, 26, 4, 25, 4, 20, 'Upper body cardio'),

-- Schema 11-25: Aanvullende oefeningen voor overige schema's
(11, 11, 1, NULL, 3, 15, 'Lichte push oefening'),
(11, 12, 2, NULL, 3, 45, 'Core stabiliteit'),
(11, 28, 3, NULL, 3, 30, 'Zij core versterking'),
(12, 1, 1, 11, 4, 10, 'Borst volume'),
(12, 19, 2, 20, 4, 10, 'Rug volume'),
(12, 8, 3, 16, 4, 12, 'Been volume'),
(13, 14, 1, NULL, 5, 12, 'CrossFit conditioning'),
(13, 2, 2, 12, 5, 10, 'Squat technieken'),
(13, 10, 3, NULL, 4, 8, 'Pull-up progressie'),
(14, 15, 1, NULL, 4, 12, 'Explosieve power'),
(14, 23, 2, 21, 4, 15, 'Heup power'),
(15, 18, 1, NULL, 4, 20, 'Core definitie'),
(15, 29, 2, NULL, 4, 30, 'Obliques definitie'),
(16, 2, 1, 12, 3, 15, 'Veilige squat techniek'),
(17, 9, 1, NULL, 3, 15, 'Single leg stabiliteit'),
(18, 2, 1, 12, 3, 15, 'Veilige beentraining'),
(19, 12, 1, NULL, 4, 60, 'Core endurance'),
(20, 15, 1, NULL, 4, 10, 'Explosieve kracht'),
(21, 2, 1, 12, 3, 12, 'Stabiliteit opbouw'),
(22, 2, 1, 12, 3, 15, 'Terug naar basis'),
(23, 14, 1, NULL, 4, 12, 'Tijd-efficiënt'),
(24, 11, 1, NULL, 4, 15, 'Thuis uitvoerbaar'),
(25, 1, 1, 11, 5, 8, 'Competition ready');

-- ===================================
-- TABEL 8: Inschrijving (40+ records)
-- ===================================
INSERT INTO Inschrijving (lesID, lidnummer, aanwezig, inschrijfdatum) VALUES
-- Spinning lessen
(1, 1, 1, '2024-01-10'), (1, 3, 1, '2024-01-10'), (1, 5, 0, '2024-01-10'), (1, 7, 1, '2024-01-11'),
(7, 2, 1, '2024-01-15'), (7, 4, 1, '2024-01-15'), (7, 6, 1, '2024-01-15'),
(14, 1, 1, '2024-01-12'), (14, 8, 1, '2024-01-12'), (14, 9, 0, '2024-01-12'),
-- Yoga lessen
(2, 2, 1, '2024-01-08'), (2, 10, 1, '2024-01-08'), (2, 12, 1, '2024-01-08'), (2, 14, 1, '2024-01-09'),
(8, 2, 1, '2024-01-16'), (8, 16, 1, '2024-01-16'), (8, 18, 0, '2024-01-16'),
(13, 21, 1, '2024-01-14'), (13, 22, 1, '2024-01-14'),
-- CrossFit en HIIT
(3, 3, 1, '2024-01-09'), (3, 8, 1, '2024-01-09'), (3, 13, 1, '2024-01-09'),
(9, 10, 1, '2024-01-17'), (9, 15, 1, '2024-01-17'), (9, 20, 0, '2024-01-17'),
-- Pilates en Core
(4, 4, 1, '2024-01-11'), (4, 11, 1, '2024-01-11'), (4, 19, 1, '2024-01-11'),
(15, 4, 1, '2024-01-13'), (15, 6, 1, '2024-01-13'),
-- Zumba en Dance
(5, 2, 1, '2024-01-12'), (5, 14, 1, '2024-01-12'), (5, 16, 1, '2024-01-12'),
(20, 14, 1, '2024-01-18'), (20, 25, 0, '2024-01-18'),
-- BodyPump
(6, 5, 1, '2024-01-13'), (6, 7, 1, '2024-01-13'), (6, 9, 1, '2024-01-13'),
-- Boxing en Kickboxing
(10, 8, 1, '2024-01-16'), (10, 13, 1, '2024-01-16'), (10, 17, 1, '2024-01-16'),
(11, 8, 1, '2024-01-17'), (11, 15, 1, '2024-01-17'),
-- Bootcamp
(12, 10, 1, '2024-01-18'), (12, 20, 1, '2024-01-18'), (12, 23, 0, '2024-01-18'),
-- Weekend lessen
(16, 11, 1, '2024-01-20'), (16, 19, 1, '2024-01-20'),
(17, 12, 1, '2024-01-20'), (17, 21, 1, '2024-01-20'),
(18, 2, 1, '2024-01-20'), (18, 18, 0, '2024-01-20'),
-- Extra inschrijvingen
(19, 13, 1, '2024-01-21'), (19, 24, 1, '2024-01-21'),
(22, 1, 1, '2024-01-22'), (22, 3, 1, '2024-01-22'),
(23, 5, 1, '2024-01-10'), (23, 15, 1, '2024-01-10'),
(24, 18, 1, '2024-01-12'), (24, 22, 0, '2024-01-12'),
(25, 20, 1, '2024-01-17'), (25, 26, 1, '2024-01-17');

-- ===================================
-- TABEL 9: Onderhoud (25+ records)
-- ===================================
INSERT INTO Onderhoud (onderhoudsdatum, beschrijving, apparaatID) VALUES
('2024-01-05', 'Jaarlijkse grote onderhoudsbeurt - loopband gereinigd en getest', 1),
('2024-01-05', 'Loopband band gespannen en gesmeerd', 2),
('2024-01-15', 'Controle elektronische display en kalibratie snelheid', 1),
('2024-01-20', 'Vervanging van weerstandsband', 4),
('2024-01-22', 'Smering van alle bewegende delen', 5),
('2024-02-01', 'Ketting vervangen op roeitrainer', 6),
('2024-02-03', 'Controle zitting en glijrails', 6),
('2024-02-05', 'Jaarlijkse inspectie spinningfietsen', 8),
('2024-02-05', 'Zadel en stuur vastgezet', 9),
('2024-02-10', 'Nieuwe pedalen gemonteerd', 10),
('2024-02-12', 'Controle veiligheid bench press - alles in orde', 11),
('2024-02-14', 'Vervanging van beschadigde rubberen mat onder squat rack', 12),
('2024-02-15', 'Controle en aandraaien van alle bouten', 13),
('2024-02-18', 'Smering kabels en controle gewichten', 14),
('2024-02-20', 'Vervanging kapotte kabel', 15),
('2024-02-22', 'Controle hydrauliek en veiligheid', 16),
('2024-02-25', 'Smering lat pulldown systeem', 17),
('2024-02-26', 'Controle zitplaats en verstelling', 18),
('2024-02-28', 'Inspectie smith machine rails', 19),
('2024-03-01', 'Inventarisatie dumbbells - 2 stuks ontbreken', 20),
('2024-03-03', 'Controle kettlebells op scheurtjes', 21),
('2024-03-05', 'Olympische barbell onderhoud en reiniging', 22),
('2024-03-08', 'Controle medicine balls op luchtverlies', 23),
('2024-03-10', 'TRX banden gecontroleerd en schoongemaakt', 24),
('2024-03-12', 'Battle ropes uiteinden opnieuw afgetapet', 25),
('2024-03-15', 'Nieuwe loopband band gemonteerd wegens slijtage', 3),
('2024-03-18', 'Maandelijkse grote schoonmaakbeurt alle cardio apparaten', 1);

-- ===================================
-- DATA VERIFICATIE
-- ===================================
-- Controleer of alle tabellen minimaal 20 records hebben
SELECT 'Lid' as Tabel, COUNT(*) as Aantal FROM Lid
UNION ALL SELECT 'Instructeur', COUNT(*) FROM Instructeur
UNION ALL SELECT 'Les', COUNT(*) FROM Les
UNION ALL SELECT 'Apparaat', COUNT(*) FROM Apparaat
UNION ALL SELECT 'Trainingsschema', COUNT(*) FROM Trainingsschema
UNION ALL SELECT 'Oefening', COUNT(*) FROM Oefening
UNION ALL SELECT 'Onderhoud', COUNT(*) FROM Onderhoud
UNION ALL SELECT 'Inschrijving', COUNT(*) FROM Inschrijving
UNION ALL SELECT 'Schema_oefening', COUNT(*) FROM Schema_oefening;
